culate the highest common factor of x and q.
18
Let m(u) = u**3 + 11*u**2 - 3*u + 116. Let r be m(-12). What is the highest common divisor of 1304 and r?
8
Let k(t) = -t**2 - 118*t + 1851. Let y be k(13). Calculate the highest common factor of y and 1739.
37
Suppose 0 = -7*c + 3*c + 52. Suppose -4*v + 130 = -3*h, 4*h + c = v - 26. What is the greatest common divisor of v and 372?
31
Suppose -24*s - 2336 = -13228 - 244. What is the highest common factor of s and 899?
29
Let v(k) = -286*k + 9165. Let z be v(32). What is the greatest common factor of 6357 and z?
13
Suppose -1579 + 779 = -10*n. Let c(s) = -s**2 + 7*s + 4. Let m be c(4). What is the highest common divisor of n and m?
16
Suppose 41 = 2*x + 43. Let k be (2 + -1)/(x/(-85)). What is the highest common divisor of 17 and k?
17
Let j be (-67 + 1)*(560/100)/((-6)/255). What is the greatest common factor of 154 and j?
154
Let q be (-214 - -294)*74/5. What is the greatest common divisor of 407 and q?
37
Let q(w) = 4*w**2 - 9*w + 1. Suppose -72 + 20 = -4*z. Suppose 0*d = -v + 2*d + 5, -v + 4*d = -z. Let g be q(v). Calculate the highest common factor of 8 and g.
8
Suppose -17 = 10*q - 145 - 12. Calculate the greatest common divisor of 161 and q.
7
Suppose 1140 = -10*u + 6*u. Let v = -245 - u. What is the highest common factor of 5 and v?
5
Let w = 884 + -595. Suppose -21*t + w = -467. Suppose 3*i - 2*r = 10, 4*i - 21 = -i - r. What is the highest common divisor of i and t?
4
Let f be (4/(-5))/((-315)/(-150) + -2)*-260. What is the highest common divisor of f and 26?
26
Let t(q) = -15*q**2 + 3*q**2 - q**3 - q**2 - 32 - 8*q + 18*q. Let w be t(-14). What is the highest common factor of w and 84?
12
Let t(u) = 13*u**2 + 121*u - 74. Let l be t(-13). Let f be 23*1 + (1 - 2). Calculate the highest common factor of f and l.
22
Let q = 17 - 13. Let a(o) = -o**2 + 6*o - 5. Let s be a(q). Suppose 5*y = 0, s*y + 360 = 4*i - 0*y. What is the greatest common factor of 18 and i?
18
Let p(z) = -2*z + 19. Let f be p(0). Let c(v) = 11*v + 5*v + 15*v + v + 5. Let m be c(4). What is the greatest common divisor of f and m?
19
Suppose 81 = 7*c - 45. Suppose 4*x + 3*v - 9 = 0, v + c = 5*x + 2. Suppose 0*p - 3*p = 4*j, -5*p - 17 = j. Calculate the greatest common factor of x and j.
3
Suppose 5 = 3*h - u - 2, 0 = 2*h - 5*u - 9. Suppose -h*p = -3*w + 79 + 45, p = 1. What is the greatest common factor of w and 70?
14
Let z = 1097 + -577. Let u = -463 + z. Calculate the highest common factor of 3 and u.
3
Suppose -15 = 3*w, -4*c - 4*w + 861 = -w. Suppose -12*f + 105 = -c. Calculate the highest common divisor of f and 297.
27
Suppose -5*h - d = -1270, 0 = 2*h + 2*d - 737 + 237. Suppose -5*z + 0*z + 5*f = -h, -2*z + 98 = -f. What is the highest common factor of 47 and z?
47
Let x(q) = -q + 8. Let y be x(6). Let l(z) = z + 2*z + y - 6 - z**2 + 15. Let w be l(0). Calculate the highest common factor of w and 44.
11
Suppose -8488 = -2*m - 34*m + 16784. Calculate the highest common factor of 54 and m.
54
Let c = -49 - -153. Suppose 4*o - c = 4*j, -52 = -2*o + 3*j - 5*j. Let s be (6/6)/((-5)/(-260)). What is the greatest common factor of s and o?
26
Let q = -1 + 7. Let g be (-5 + 7)*q*2. Let k(b) = -4*b + 28. Let r be k(-8). Calculate the greatest common factor of r and g.
12
Let t = 21 + 94. Suppose t = 4*m + 3*h, 2*m - 5*h - 75 = -2*m. Calculate the highest common factor of m and 325.
25
Suppose 626 = -27*j + 32*j + v, 5*j - 614 = v. Suppose -358 - 18 = -2*x - 4*r, -4 = -4*r. What is the greatest common factor of j and x?
62
Suppose -w = 3*n + 110, 2*n - 7*w + 96 = -2*w. Let c be ((-36)/(-2) - -2)*(-19)/n. Let k = c + 18. Calculate the greatest common factor of 7 and k.
7
Suppose 5*v + 6*r - 8*r = 262, v = r + 56. Calculate the highest common factor of 5230 and v.
10
Let y(n) = n**3 - 51*n**2 + 100*n - 96. Let b be y(49). Let x be ((-387)/301 - b/(-7)) + 66. Calculate the greatest common divisor of 845 and x.
65
Suppose 2*c + 37 = -101. Let j = c - -67. Let b(f) = 3*f**2 - 1. Let l be b(j). Calculate the greatest common divisor of l and 99.
11
Suppose 24 - 219 = 3*t. Let o = 19 - t. What is the greatest common divisor of 36 and o?
12
Suppose 0 = -3*w - 2*w + 45. Let j = 137 - 271. Let a = -125 - j. What is the highest common factor of a and w?
9
Let k(r) = -r + 19. Let f be k(11). Let a = f - 3. Suppose 0*x + 15 = a*x. Calculate the highest common divisor of x and 1.
1
Suppose 0 = 3*q + 3*o - 42, -o = 2*q + 816 - 847. Let h = 106 - 21. Calculate the highest common divisor of h and q.
17
Suppose -21*w + 250 = 103. Let d be 446/10 - w/(210/(-12)). Calculate the highest common factor of d and 495.
45
Let c(a) = -a. Let x be c(-6). Let k be 4/x*(-48)/(-8). Let f be k + 1 + 15 + (-3 - 0). What is the greatest common divisor of 17 and f?
17
Let a(x) = -x**3 + 87*x**2 - 77*x + 82. Let d be a(86). What is the highest common divisor of d and 8?
8
Let k be (42/28 + (8 - 2))*126/7. Calculate the highest common factor of 7785 and k.
45
Let u be 33852/(-390)*10/(-7). Calculate the highest common divisor of u and 20956.
124
Let s be ((-21)/(-28))/((-2)/(-40)). Let o be (18694/s)/13 + 6/45. Calculate the highest common factor of 24 and o.
24
Let h = -2130 - -6312. Calculate the highest common factor of 123 and h.
123
Suppose -2*d + 114 = -2*z, 3103*d + 3*z = 3110*d - 423. Let h = -10 - -19. Calculate the greatest common factor of d and h.
9
Let q = 9213 + -3517. Calculate the greatest common divisor of q and 178.
178
Let v be (-4 + 448/(-20))/(2/(-10)). Let z be ((v/(-8))/(-11))/((-6)/(-88)). Calculate the greatest common divisor of z and 2.
2
Let s be 387/21 - 4/(-7). Let q = s + -16. Suppose n - q*u = 16, 3*n + 2*u = -n + 120. Calculate the greatest common divisor of n and 56.
28
Let z be 65 + -1 + (-1 - 1). Let m = -472 - -438. Let v = m + z. What is the highest common divisor of v and 4?
4
Suppose -13*n = -12*n - h - 13787, -4*h + 41354 = 3*n. Calculate the greatest common divisor of n and 122.
122
Suppose 0 = 9*j - 690 + 87. Suppose j*t - 7100 = -1874. Calculate the highest common factor of t and 24.
6
Let y(z) = -z**2 + 13*z + 12. Let n be y(13). Suppose 0 = 4*c - n*c + 744. What is the greatest common factor of 3 and c?
3
Let j(l) = 9*l + 2. Let d be j(10). Suppose -4 = -2*c, c - d = -0*f - 5*f. Let a be (37 - 1)*3/9. What is the highest common divisor of a and f?
6
Let p be (-98)/(16/80 - 13/15). What is the highest common divisor of 98 and p?
49
Suppose -3*y - 7 = 4*g, 5*g = 4*y + 20 + 10. Let p = 23 + -15. Suppose -6*l + g*l + 62 = -2*o, -l - o = -p. What is the greatest common factor of l and 65?
13
Suppose -5*y - 2*n - 2*n + 158 = 0, 3*y - 87 = -5*n. Calculate the highest common factor of y and 4250.
34
Let n be 8*915/2684*(-88)/(-6). Let x = -21 - -45. What is the highest common factor of x and n?
8
Let q be -2*(4185/(-18))/5*(-8)/(-3). Suppose 5*r - 23 = 57. Calculate the highest common factor of q and r.
8
Suppose -v + 4*f + 20 = -0*v, f = 3*v - 16. Let b = -78 - -117. Suppose b = -7*o + 151. What is the greatest common divisor of v and o?
4
Let z(r) = -24*r + 441. Let q be z(18). What is the greatest common factor of q and 279?
9
Suppose -2*p - 1 = -61. Let y(h) = -h**3 + 3*h**2 - 20*h**2 + 9*h**2 + 5 + 18*h + 11*h**2. Let u be y(6). Calculate the greatest common factor of u and p.
5
Let s(d) = 67*d**3 - 2*d**2 + 8*d - 8. Let c be s(1). What is the highest common factor of 260 and c?
65
Let v be -3 - (-1 - -9) - 3. Let q(o) = -o**2 - 14*o + 6. Let y be q(v). Let c be y/21 + (-208)/(-7). Calculate the highest common divisor of 75 and c.
15
Suppose -3*w + 7*w = 4, -80 = 5*q + 5*w. Let i be q*1/((-2)/30). Suppose 2*g - i = -15*g. What is the highest common factor of g and 165?
15
Let i(d) = -12*d**3 + 3*d - 2. Let p(g) = 17*g**2 - g + 4. Let w be p(2). Let k = 68 - w. Let u be i(k). What is the highest common divisor of 8 and u?
8
Suppose 0 = -j - 4*b + 11, 7 = -j - b + 21. Calculate the highest common divisor of 1465 and j.
5
Suppose -40 = 257*o - 261*o. Let x be ((-4)/5)/(-1)*5. Calculate the highest common divisor of o and x.
2
Let f = 263 + -163. Suppose 7*c = 39*c + 192. Let u be 10*(c/(-12) + 2). Calculate the greatest common factor of u and f.
25
Let v = 221 - 208. Calculate the greatest common divisor of 1573 and v.